858.
6
Calculate the greatest common divisor of 4464 and 6624.
144
Calculate the greatest common divisor of 10 and 907080.
10
Calculate the greatest common factor of 9922 and 6842.
22
What is the greatest common factor of 414 and 147614?
46
What is the highest common divisor of 1428204 and 204?
204
Calculate the highest common divisor of 5913 and 30149.
73
What is the highest common divisor of 567 and 7483?
7
Calculate the greatest common divisor of 66 and 334878.
6
Calculate the highest common factor of 149904 and 48.
48
Calculate the highest common divisor of 3182 and 137342.
86
What is the highest common divisor of 14310 and 153?
9
What is the highest common factor of 356 and 1221614?
178
What is the highest common factor of 280521 and 355?
71
Calculate the highest common divisor of 5000 and 135625.
625
What is the greatest common factor of 3168 and 7584?
96
What is the highest common factor of 428698 and 71?
71
What is the highest common divisor of 12 and 5157?
3
Calculate the highest common divisor of 1316 and 191149.
329
Calculate the greatest common factor of 496782 and 21879.
1287
What is the highest common divisor of 82690 and 130?
10
What is the highest common divisor of 5 and 6638015?
5
What is the greatest common factor of 106 and 2831578?
106
Calculate the highest common factor of 12789 and 261.
261
Calculate the highest common factor of 69 and 170637.
69
Calculate the greatest common factor of 1193 and 84.
1
Calculate the greatest common factor of 88 and 2659690.
22
Calculate the highest common factor of 100648 and 552.
184
Calculate the highest common factor of 49202 and 4718.
674
What is the highest common divisor of 816 and 2499?
51
Calculate the highest common divisor of 8975 and 12475.
25
What is the greatest common factor of 47107 and 1156?
289
What is the highest common factor of 33306 and 2310?
42
Calculate the greatest common factor of 29 and 1075523.
29
Calculate the greatest common factor of 44 and 7007.
11
Calculate the highest common factor of 102 and 33014.
34
Calculate the highest common divisor of 16425 and 5183.
73
What is the highest common factor of 17736 and 96?
24
What is the highest common divisor of 4 and 96364?
4
Calculate the greatest common divisor of 6426 and 5019.
21
What is the greatest common divisor of 801 and 6073983?
801
What is the highest common factor of 747 and 3896601?
249
What is the highest common factor of 106782 and 1560?
78
What is the greatest common factor of 428 and 5?
1
What is the highest common factor of 357721 and 364?
91
What is the greatest common factor of 8568 and 15776?
136
Calculate the greatest common divisor of 1186870 and 70.
10
Calculate the highest common factor of 18 and 5078.
2
Calculate the greatest common divisor of 6623 and 6.
1
Calculate the highest common divisor of 3836 and 18116.
28
Calculate the greatest common divisor of 181880 and 40.
40
Calculate the greatest common divisor of 13054 and 102114.
122
Calculate the greatest common divisor of 37151 and 383.
383
What is the greatest common factor of 67259 and 16171?
103
What is the greatest common divisor of 2685 and 275?
5
Calculate the greatest common divisor of 125 and 67685.
5
What is the greatest common factor of 144 and 142896?
48
What is the highest common factor of 50 and 1036660?
10
What is the highest common divisor of 561556 and 3811?
103
What is the highest common factor of 308 and 17512?
44
What is the highest common factor of 238396 and 1?
1
What is the highest common divisor of 272 and 28024?
8
What is the greatest common factor of 549 and 95892?
183
What is the greatest common divisor of 117 and 30407?
13
What is the highest common factor of 2592 and 23888?
16
Calculate the greatest common factor of 40832 and 1044.
116
Calculate the greatest common divisor of 123 and 543045.
123
Calculate the highest common factor of 186 and 3441.
93
Calculate the highest common factor of 112 and 33648.
16
Calculate the highest common factor of 48 and 9680.
16
Calculate the greatest common divisor of 189 and 182871.
27
Calculate the greatest common divisor of 435 and 472497.
87
Calculate the highest common divisor of 257101 and 78.
13
What is the highest common factor of 84936 and 24?
24
Calculate the greatest common factor of 24 and 67808.
8
What is the highest common factor of 3888 and 1269?
27
Calculate the highest common divisor of 224 and 798336.
224
Calculate the highest common divisor of 7458 and 1254.
66
What is the highest common divisor of 2176 and 53584?
272
Calculate the highest common divisor of 12 and 92658.
6
Calculate the greatest common divisor of 43415 and 190.
95
What is the highest common factor of 14896 and 32?
16
What is the greatest common factor of 3434 and 1870?
34
What is the highest common factor of 673008 and 448?
112
Calculate the highest common factor of 2419 and 15163.
59
What is the greatest common factor of 62460 and 2610?
90
What is the greatest common factor of 375 and 5650?
25
What is the highest common factor of 2776 and 1448?
8
What is the highest common divisor of 1743 and 11298?
21
Calculate the greatest common divisor of 36 and 157588.
4
What is the highest common factor of 1199 and 33?
11
What is the greatest common factor of 1186756 and 1816?
908
Calculate the highest common divisor of 310 and 2390.
10
What is the highest common factor of 49951 and 209?
209
Calculate the greatest common divisor of 7840 and 40960.
160
What is the greatest common divisor of 32260 and 3360?
20
What is the greatest common divisor of 1176 and 1034733?
147
Calculate the greatest common divisor of 19 and 1070080.
19
Calculate the greatest common divisor of 9971 and 130.
13
Calculate the greatest common factor of 72 and 2364498.
18
What is the highest common factor of 15471 and 382?
191
Calculate the greatest common divisor of 8100 and 466236.
324
What is the highest common divisor of 105734 and 8?
2
What is the highest common divisor of 370 and 74?
74
Calculate the highest common factor of 1158748 and 508.
508
What is the greatest common factor of 173110 and 80?
10
Calculate the highest common factor of 145348 and 6265.
1253
Calculate the greatest common factor of 7556338 and 76.
38
What is the greatest common factor of 1598 and 6698?
34
What is the greatest common factor of 755117 and 22?
11
Calculate the greatest common factor of 22 and 2778105.
11
What is the greatest common factor of 12046 and 6657?
317
What is the highest common divisor of 4904 and 672461?
613
What is the highest common divisor of 125 and 3205?
5
What is the greatest common divisor of 7090560 and 120?
120
What is the highest common factor of 824 and 13081?
103
What is the greatest common divisor of 217 and 65441?
31
What is the greatest common divisor of 1769841 and 1044?
261
What is the greatest common factor of 1176 and 408?
24
What is the highest common divisor of 9 and 493398?
9
What is the highest common divisor of 307581 and 222?
111
Calculate the highest common divisor of 36 and 394398.
18
Calculate the highest common divisor of 1326765 and 165.
165
Calculate the highest common divisor of 1947 and 9108.
33
What is the greatest common divisor of 1819 and 68?
17
Calculate the greatest common factor of 58919 and 175.
7
What is the greatest common divisor of 19 and 30647?
19
What is the greatest common divisor of 1049 and 41?
1
What is the highest common divisor of 154 and 109417?
77
What is the greatest common divisor of 32279 and 20787?
169
What is the highest common factor of 627625 and 75?
25
Calculate the highest common divisor of 211775 and 31175.
1075
Calculate the highest common divisor of 2538 and 37584.
54
Calculate the greatest common divisor of 47842 and 5206.
38
Calculate the highest common divisor of 109288 and 304.
152
What is the greatest common divisor of 1034 and 6674?
94
Calculate the highest common factor of 1964 and 404.
4
What is the highest common divisor of 32793 and 221?
17
Calculate the greatest common factor of 2820 and 10880.
20
Calculate the greatest common factor of 162 and 38934.
54
What is the greatest common divisor of 8239 and 35112?
77
Calculate the greatest common divisor of 72 and 185724.
36
Calculate the greatest common divisor of 147904 and 62397.
2311
What is the highest comm